{"id":49,"date":"2026-02-15T17:12:43","date_gmt":"2026-02-15T17:12:43","guid":{"rendered":"http:\/\/behavior-tools.com\/?page_id=49"},"modified":"2026-02-15T17:12:43","modified_gmt":"2026-02-15T17:12:43","slug":"chronic-unpredictable-stress-cus-fr","status":"publish","type":"page","link":"https:\/\/behavior-tools.com\/index.php\/chronic-unpredictable-stress-cus-fr\/","title":{"rendered":"CHRONIC UNPREDICTABLE STRESS (CUS) (FR)"},"content":{"rendered":"\n<h2 class=\"wp-block-heading\">R\u00e9sum\u00e9 scientifique<\/h2>\n\n\n\n<p>Mod\u00e8le de stress chronique reproduisant ph\u00e9notype d\u00e9pressif-like.<\/p>\n\n\n\n<hr class=\"wp-block-separator has-alpha-channel-opacity\"\/>\n\n\n\n<h3 class=\"wp-block-heading\">Protocole<\/h3>\n\n\n\n<ul class=\"wp-block-list\">\n<li>Stress variables 14\u201321 jours<\/li>\n\n\n\n<li>Isolement, changement eau, lumi\u00e8re invers\u00e9e, densit\u00e9<\/li>\n<\/ul>\n\n\n\n<hr class=\"wp-block-separator has-alpha-channel-opacity\"\/>\n\n\n\n<h3 class=\"wp-block-heading\">Param\u00e8tres<\/h3>\n\n\n\n<ul class=\"wp-block-list\">\n<li>Anxi\u00e9t\u00e9 (Novel Tank)<\/li>\n\n\n\n<li>Cortisol<\/li>\n\n\n\n<li>Sociabilit\u00e9<\/li>\n<\/ul>\n\n\n\n<hr class=\"wp-block-separator has-alpha-channel-opacity\"\/>\n\n\n\n<h3 class=\"wp-block-heading\">R\u00e9f\u00e9rence<\/h3>\n\n\n\n<p>Piato et al., 2011. <em>Behavioural Brain Research<\/em><br>DOI: 10.1016\/j.bbr.2011.01.026<\/p>\n\n\n\n<hr class=\"wp-block-separator has-alpha-channel-opacity\"\/>\n\n\n\n<h3 class=\"wp-block-heading\">OCDE<\/h3>\n\n\n\n<p>Mod\u00e8le m\u00e9canistique pour DNT.<\/p>\n","protected":false},"excerpt":{"rendered":"<p>R\u00e9sum\u00e9 scientifique Mod\u00e8le de stress chronique reproduisant ph\u00e9notype d\u00e9pressif-like. Protocole Param\u00e8tres R\u00e9f\u00e9rence Piato et al., 2011. Behavioural Brain ResearchDOI: 10.1016\/j.bbr.2011.01.026 OCDE Mod\u00e8le m\u00e9canistique pour DNT.<\/p>\n","protected":false},"author":1,"featured_media":0,"parent":0,"menu_order":0,"comment_status":"closed","ping_status":"closed","template":"","meta":{"footnotes":""},"class_list":["post-49","page","type-page","status-publish","hentry"],"_links":{"self":[{"href":"https:\/\/behavior-tools.com\/index.php\/wp-json\/wp\/v2\/pages\/49","targetHints":{"allow":["GET"]}}],"collection":[{"href":"https:\/\/behavior-tools.com\/index.php\/wp-json\/wp\/v2\/pages"}],"about":[{"href":"https:\/\/behavior-tools.com\/index.php\/wp-json\/wp\/v2\/types\/page"}],"author":[{"embeddable":true,"href":"https:\/\/behavior-tools.com\/index.php\/wp-json\/wp\/v2\/users\/1"}],"replies":[{"embeddable":true,"href":"https:\/\/behavior-tools.com\/index.php\/wp-json\/wp\/v2\/comments?post=49"}],"version-history":[{"count":1,"href":"https:\/\/behavior-tools.com\/index.php\/wp-json\/wp\/v2\/pages\/49\/revisions"}],"predecessor-version":[{"id":50,"href":"https:\/\/behavior-tools.com\/index.php\/wp-json\/wp\/v2\/pages\/49\/revisions\/50"}],"wp:attachment":[{"href":"https:\/\/behavior-tools.com\/index.php\/wp-json\/wp\/v2\/media?parent=49"}],"curies":[{"name":"wp","href":"https:\/\/api.w.org\/{rel}","templated":true}]}}