{"id":51,"date":"2026-02-15T17:13:13","date_gmt":"2026-02-15T17:13:13","guid":{"rendered":"http:\/\/behavior-tools.com\/?page_id=51"},"modified":"2026-02-15T17:13:13","modified_gmt":"2026-02-15T17:13:13","slug":"social-isolation-model-fr","status":"publish","type":"page","link":"https:\/\/behavior-tools.com\/index.php\/social-isolation-model-fr\/","title":{"rendered":"SOCIAL ISOLATION MODEL (FR)"},"content":{"rendered":"\n<h2 class=\"wp-block-heading\">R\u00e9sum\u00e9<\/h2>\n\n\n\n<p>Isolement chronique \u2192 alt\u00e9rations sociabilit\u00e9 et anxi\u00e9t\u00e9.<\/p>\n\n\n\n<hr class=\"wp-block-separator has-alpha-channel-opacity\"\/>\n\n\n\n<h3 class=\"wp-block-heading\">R\u00e9f\u00e9rence<\/h3>\n\n\n\n<p>Shams et al., 2015. <em>Scientific Reports<\/em><br>DOI: 10.1038\/srep08573<\/p>\n","protected":false},"excerpt":{"rendered":"<p>R\u00e9sum\u00e9 Isolement chronique \u2192 alt\u00e9rations sociabilit\u00e9 et anxi\u00e9t\u00e9. R\u00e9f\u00e9rence Shams et al., 2015. Scientific ReportsDOI: 10.1038\/srep08573<\/p>\n","protected":false},"author":1,"featured_media":0,"parent":0,"menu_order":0,"comment_status":"closed","ping_status":"closed","template":"","meta":{"footnotes":""},"class_list":["post-51","page","type-page","status-publish","hentry"],"_links":{"self":[{"href":"https:\/\/behavior-tools.com\/index.php\/wp-json\/wp\/v2\/pages\/51","targetHints":{"allow":["GET"]}}],"collection":[{"href":"https:\/\/behavior-tools.com\/index.php\/wp-json\/wp\/v2\/pages"}],"about":[{"href":"https:\/\/behavior-tools.com\/index.php\/wp-json\/wp\/v2\/types\/page"}],"author":[{"embeddable":true,"href":"https:\/\/behavior-tools.com\/index.php\/wp-json\/wp\/v2\/users\/1"}],"replies":[{"embeddable":true,"href":"https:\/\/behavior-tools.com\/index.php\/wp-json\/wp\/v2\/comments?post=51"}],"version-history":[{"count":1,"href":"https:\/\/behavior-tools.com\/index.php\/wp-json\/wp\/v2\/pages\/51\/revisions"}],"predecessor-version":[{"id":52,"href":"https:\/\/behavior-tools.com\/index.php\/wp-json\/wp\/v2\/pages\/51\/revisions\/52"}],"wp:attachment":[{"href":"https:\/\/behavior-tools.com\/index.php\/wp-json\/wp\/v2\/media?parent=51"}],"curies":[{"name":"wp","href":"https:\/\/api.w.org\/{rel}","templated":true}]}}