{"id":55,"date":"2026-02-15T17:14:17","date_gmt":"2026-02-15T17:14:17","guid":{"rendered":"http:\/\/behavior-tools.com\/?page_id=55"},"modified":"2026-02-15T17:14:17","modified_gmt":"2026-02-15T17:14:17","slug":"photomotor-response-pmr-assay-fr","status":"publish","type":"page","link":"https:\/\/behavior-tools.com\/index.php\/photomotor-response-pmr-assay-fr\/","title":{"rendered":"PHOTOMOTOR RESPONSE (PMR) ASSAY (FR)"},"content":{"rendered":"\n<h2 class=\"wp-block-heading\">R\u00e9sum\u00e9<\/h2>\n\n\n\n<p>R\u00e9ponse locomotrice \u00e0 impulsions lumineuses chez larves 30\u201340 hpf.<\/p>\n\n\n\n<hr class=\"wp-block-separator has-alpha-channel-opacity\"\/>\n\n\n\n<h3 class=\"wp-block-heading\">R\u00e9f\u00e9rence cl\u00e9<\/h3>\n\n\n\n<p>Kokel et al., 2010. <em>Nature Chemical Biology<\/em><br>DOI: 10.1038\/nchembio.307<\/p>\n\n\n\n<hr class=\"wp-block-separator has-alpha-channel-opacity\"\/>\n\n\n\n<h3 class=\"wp-block-heading\">Param\u00e8tres<\/h3>\n\n\n\n<ul class=\"wp-block-list\">\n<li>Burst activity<\/li>\n\n\n\n<li>Latence<\/li>\n\n\n\n<li>Profil cin\u00e9tique<\/li>\n<\/ul>\n\n\n\n<hr class=\"wp-block-separator has-alpha-channel-opacity\"\/>\n\n\n\n<h3 class=\"wp-block-heading\">OCDE<\/h3>\n\n\n\n<p>Endpoint \u00e9mergent DNT.<\/p>\n","protected":false},"excerpt":{"rendered":"<p>R\u00e9sum\u00e9 R\u00e9ponse locomotrice \u00e0 impulsions lumineuses chez larves 30\u201340 hpf. R\u00e9f\u00e9rence cl\u00e9 Kokel et al., 2010. Nature Chemical BiologyDOI: 10.1038\/nchembio.307 Param\u00e8tres OCDE Endpoint \u00e9mergent DNT.<\/p>\n","protected":false},"author":1,"featured_media":0,"parent":0,"menu_order":0,"comment_status":"closed","ping_status":"closed","template":"","meta":{"footnotes":""},"class_list":["post-55","page","type-page","status-publish","hentry"],"_links":{"self":[{"href":"https:\/\/behavior-tools.com\/index.php\/wp-json\/wp\/v2\/pages\/55","targetHints":{"allow":["GET"]}}],"collection":[{"href":"https:\/\/behavior-tools.com\/index.php\/wp-json\/wp\/v2\/pages"}],"about":[{"href":"https:\/\/behavior-tools.com\/index.php\/wp-json\/wp\/v2\/types\/page"}],"author":[{"embeddable":true,"href":"https:\/\/behavior-tools.com\/index.php\/wp-json\/wp\/v2\/users\/1"}],"replies":[{"embeddable":true,"href":"https:\/\/behavior-tools.com\/index.php\/wp-json\/wp\/v2\/comments?post=55"}],"version-history":[{"count":1,"href":"https:\/\/behavior-tools.com\/index.php\/wp-json\/wp\/v2\/pages\/55\/revisions"}],"predecessor-version":[{"id":56,"href":"https:\/\/behavior-tools.com\/index.php\/wp-json\/wp\/v2\/pages\/55\/revisions\/56"}],"wp:attachment":[{"href":"https:\/\/behavior-tools.com\/index.php\/wp-json\/wp\/v2\/media?parent=55"}],"curies":[{"name":"wp","href":"https:\/\/api.w.org\/{rel}","templated":true}]}}